76, 0 = 5*o - 3*v - 1 - 82. Let f(t) = t**3 - 2*t + 432. Let u be f(0). What is the greatest common divisor of u and o?
16
Suppose -24 = -12*o + 72. Suppose o*j = -77 + 237. Calculate the highest common divisor of 140 and j.
20
Let r be (31/4)/(2/16*-2). Let u be r - 2*-3*3/(-6). Let m = u + 43. What is the greatest common divisor of 3 and m?
3
Let l be (23/4)/((-4)/(-32)). Suppose l = -d + 3*j, -2*d + 5*d = -3*j - 186. Let s = d - -98. Calculate the highest common factor of 100 and s.
20
Let i(p) = 2*p + 37. Let g be i(-17). Suppose 0 = -g*h + 4*c - 434 + 1500, -3*c + 338 = h. Let k be h/56 - 1/4. What is the highest common factor of k and 9?
3
Let x(f) = -f**2 + 12. Let y be x(-3). Suppose 4*o - 13 = -4*j + 11, -3*o - 2*j + 18 = 0. Calculate the highest common divisor of y and o.
3
Let w = -3051 + 3094. What is the greatest common divisor of w and 2537?
43
Let h(q) = 21*q**2 + 6*q - 4. Let c be h(-4). Suppose 0 = 6*s + 5*s - c. Suppose 33*f - 896 = 29*f. What is the greatest common divisor of s and f?
28
Let b = -17309 + 17326. Calculate the greatest common factor of 578 and b.
17
Let s = 220 + -200. Let n be 1/2 + 30/s. What is the highest common factor of 50 and n?
2
Let t = -1173329 - -1173514. Let k be (1 - -73)*6/4. Suppose -2*w = w - k. Calculate the greatest common divisor of t and w.
37
Suppose 14 = 6*d + 26. Let n be (93/6 + d)*(-248)/(-93). Calculate the highest common factor of 72 and n.
36
Let q be (-72)/252 - (-1068736)/280*5/2. What is the greatest common factor of 26 and q?
26
Suppose -4*t - 4*g = -152, 4*t - 170 = -t + 5*g. Suppose 4 = t*x - 34*x. Let f be (9 - 2) + (x - 3). What is the highest common divisor of f and 15?
3
Let b be (-12)/(-2) + (-27 - -31). Let k(s) = 2*s + 50. Let n be k(-5). What is the highest common factor of n and b?
10
Let m = 13 + -10. Suppose -2*s + 408 = -m*y, 0*y - 1029 = -5*s + 3*y. Let d be (3/(-6))/((-3)/138). What is the highest common factor of s and d?
23
Let f be 1736/12 - 250/(-75). Calculate the highest common factor of 37 and f.
37
Suppose 527559 = 53*t - 375031. Calculate the highest common divisor of t and 520.
130
Let h = 11926 + -10722. What is the highest common divisor of h and 774?
86
Let r be (378/36)/(1/36). Suppose r*k = 383*k - 190. Calculate the highest common factor of k and 114.
38
Suppose -1025*h + 1015*h + 520 = 0. Calculate the greatest common divisor of 351 and h.
13
Let s(j) = -36*j - 828. Let n be s(-24). Suppose 4*g + 9 = -3, 5*b - 306 = 2*g. Calculate the highest common divisor of n and b.
12
Suppose 5*m - 40 + 30 = 0. Suppose 4*l = -0*l - o + 45, -3*l = -m*o - 42. Calculate the highest common factor of l and 384.
12
Let n(s) = -229*s - 103. Let u be n(-10). Suppose 2*t - u = -3*t - 2*c, 5*c = 5. What is the highest common factor of t and 19?
19
Suppose 3*u = 4*c - 414, c + 3 = 2*c. Let t = 64 + u. Let f be 2/((-4)/t) + -2. Calculate the highest common divisor of 11 and f.
11
Let d(x) = 9*x - 357. Let y be d(40). Suppose 0 = -y*a + 735 - 651. Calculate the highest common divisor of a and 378.
14
Suppose 210*w + 33777 = 349*w. Calculate the greatest common factor of w and 873.
9
Let m(b) be the second derivative of -13*b**3/3 - 21*b**2/2 + b. Suppose 14 + 7 = -3*d. Let o be m(d). What is the greatest common divisor of o and 23?
23
Suppose 0 = 26*u + 45*u - 16605 - 577. Calculate the highest common factor of 374 and u.
22
Suppose -95*h = -178*h + 2822. What is the highest common divisor of 136 and h?
34
Let b(s) = -320*s**3 - s**2 + 3*s + 4. Let d be b(-1). Suppose 30 = 14*q - d. What is the greatest common factor of 90 and q?
5
Let v = 55 - -80. Let n = -120 + v. What is the highest common factor of n and 75?
15
Suppose -5*v - 2388 = -19*v + 132. What is the highest common factor of v and 2940?
60
Suppose 0 = 92*f - 109012 - 171864. Calculate the greatest common divisor of 516 and f.
43
Let w = 329 - 329. Suppose w = o + 4, o + 33 = -2*q + 95. Calculate the greatest common factor of q and 132.
33
Suppose -4*k - k + 3570 = 2*v, -3*v - 1428 = -2*k. Calculate the highest common factor of 476 and k.
238
Suppose o - 25 + 22 = 0. Let x be o + 26/(-8) + (-381)/(-4). Let v = x + -76. Calculate the greatest common factor of v and 38.
19
Let v = -276 - -280. Suppose -v*t + 177 = t + 3*u, 0 = -5*t - u + 179. Let q be (-94)/2*-1 + 1. Calculate the greatest common divisor of t and q.
12
Suppose 27*t = 5*s + 126, -4*s + 99 = 3*t + 3. Let q(l) = 11*l**2 - l + 2. Let k be q(4). What is the greatest common factor of k and s?
6
Suppose 84*w - 120263 = -17615. Calculate the highest common divisor of 376 and w.
94
Suppose 5*d - 3370 = -5*s, 0*s = d + 2*s - 669. What is the greatest common divisor of d and 97?
97
Suppose -5*b - j + 5 = -8, 4*j + 11 = b. Suppose b*w = 4 + 41. Suppose -5*m + 2*x = -w, -2*m - 5*x = -3*x + 8. Calculate the highest common factor of 2 and m.
1
Let k be 407/((-2)/2 + 2). Let v be ((-3)/3)/1 - (-5 + 8). Let g be (130/v)/(-13)*148/10. Calculate the greatest common divisor of g and k.
37
Let o(y) = 2*y**2 - 85*y + 575. Let i be o(55). What is the highest common divisor of 10 and i?
10
Let q = -6432 + 6596. Calculate the highest common factor of q and 4100.
164
Suppose -438*t + 406 = -235*t. Let i = -7 + 11. Suppose i*h - 30 = 2*d, 5*h - 40 = 3*d - d. Calculate the highest common factor of h and t.
2
Let q(a) = -13*a**2 + 125*a - 10. Let z be q(8). Suppose 0 = 5*l - 945 - 1030. Calculate the highest common factor of l and z.
79
Let b = -8228 - -8234. Suppose -5*c + 389 = -871. Suppose 8*i = b*i + c. What is the greatest common divisor of 18 and i?
18
Let x = -10415 - -10435. What is the highest common factor of x and 7060?
20
Let v be -9 + ((-10)/(-10))/((-2)/(-34)). Calculate the greatest common factor of v and 3152.
8
Suppose 337*u = 338*u + 4, -3*y = -5*u - 152. Calculate the greatest common factor of y and 40436.
44
Let c(t) = -t**3 + 45*t**2 - 47*t + 66. Let o be c(42). Calculate the highest common factor of 108 and o.
36
Suppose -5*q = -x - 18345, -4*q = -4*x - 12572 - 2120. What is the greatest common divisor of 56 and q?
28
Suppose -5*l - 2*h + 797 = -2356, -3*l - 3*h = -1899. Calculate the greatest common divisor of l and 136.
17
Suppose -445*y + 39*y = -48720. Let w be 17 - ((-6)/(-3) - 1). Calculate the greatest common factor of y and w.
8
Suppose 17*m = 496 + 235. What is the highest common factor of m and 946?
43
Let v = -7048 + 9039. Calculate the highest common divisor of 2172 and v.
181
Let k = 1135 - 1081. What is the greatest common factor of 513 and k?
27
Let i be (-5)/(-10)*10 - (-1138 + -13). Calculate the greatest common factor of i and 1360.
68
Let c be 126 - -2 - (1 + -1). Suppose 124 + c = 6*i. What is the greatest common divisor of i and 420?
42
Let l be -1 + -569 + 8 + -14. Let u = -376 - l. What is the highest common factor of 50 and u?
50
Let z = 2895 - 2785. Calculate the greatest common divisor of 370 and z.
10
Suppose -5*m + 2*g + 3408 = 0, 2*m - 2*g - 1362 = -0*g. Let o = 694 - m. Calculate the highest common factor of 1236 and o.
12
Let z(u) = -39*u**2 + 101*u - 6. Let w be z(2). Calculate the greatest common factor of 2740 and w.
20
Suppose -142*c + 691488 = 5*c. Calculate the greatest common factor of c and 147.
147
Suppose 8*f - 11*f + 39 = 0. Let m = -18 + f. Let v be 3/(m*(-3)/130). What is the greatest common factor of v and 65?
13
Suppose 6*a - 1 = 5. Let t(g) = 7*g**3 + g - 1. Let m be t(a). Let i be 3 - (-36)/(-15) - 2216/(-40). Calculate the highest common divisor of m and i.
7
Suppose 120*w - 2384 = -344. Let i(q) = -19*q + 43. Let m be i(-4). Calculate the greatest common factor of m and w.
17
Let p(n) = -14*n**2 - 64*n - 63. Let c be p(-3). What is the highest common factor of 3 and c?
3
Let b be ((-3)/4)/((-2)/232). Suppose 74*m = 86*m - 1824. Let d = m - b. What is the greatest common divisor of 13 and d?
13
Let t(u) = -u**2 + 14*u - 48. Let l be t(7). Let g be (l/4)/(8/64) + 12. What is the greatest common divisor of g and 35?
7
Suppose 448 = 8*i - 4*c, 16 + 40 = i + 3*c. Calculate the highest common divisor of 77 and i.
7
Let z = -170 + 170. Suppose z = 5*w + 3*t - 88, -4*w + 3*t + 35 = -30. What is the highest common factor of w and 731?
17
Suppose -6*o + 7744 = -13*o + 15*o. What is the highest common divisor